 13 - 39. List the prime factors of (1/2)/((-1)/q).
13
Suppose l - 2 = -1. Let c be (4 - 2)*l*16. Suppose 0 = -t - 4*f + c, -t + 3 = f - 14. What are the prime factors of t?
2, 3
Let g = 4 + -4. Suppose -j - 3*j = g. Suppose j = 5*u - 4*u + 4*l - 8, 0 = -3*u + 5*l + 7. List the prime factors of u.
2
Let f = 28 - -217. What are the prime factors of f?
5, 7
Let m(w) = 0*w - 1 + 2*w - 2. List the prime factors of m(6).
3
Let u be (2/6)/((-1)/(-6)). Suppose -4*y + 9*y = -5*l + 30, 0 = 5*l - y - 18. Let s = l - u. What are the prime factors of s?
2
Let l(u) = 2*u**2 + 2*u - 1. Suppose 3*y + 0*i = -i - 15, -4*i = 2*y + 20. List the prime factors of l(y).
23
Suppose -8*x + 4*x = 0. Let v(f) = f**3 + f**2 + f + 10. What are the prime factors of v(x)?
2, 5
Suppose -5*o - 4*q = -58, -2 + 0 = -q. Suppose -p = 4*m - 45, -3*p - o = -m - 2*p. Let z = m + 0. List the prime factors of z.
11
What are the prime factors of ((-377)/26)/((-1)/14)?
7, 29
Let q(y) = 6*y - 2. Let s = 1 + 1. Let b be q(s). List the prime factors of (-6)/b + 56/10.
5
Suppose 108 = x - 88. What are the prime factors of x?
2, 7
Let s be (-2)/(-5 - 6/(-2)). Let z(x) = -6 - s + 2*x + x**3 - 2*x**2 + 0*x**3 + 4. What are the prime factors of z(3)?
2, 3
Let o be 0/(6/(-3) + 5). Suppose o*m - 8 = -m. Suppose 4*l - m - 14 = -d, -d + l = -12. List the prime factors of d.
2, 7
Let z = -2 + 6. Suppose -c + 5*c - 80 = 0. Suppose f + 4*f + z*l = 20, 5*f + 3*l = c. What are the prime factors of f?
2
Let u be (52/(-6))/((-8)/12). Let s = 1 + -10. Let j = u + s. List the prime factors of j.
2
Let j(g) = g**2 - g + 8. What are the prime factors of j(-4)?
2, 7
Let h = 0 - 0. Let o be 0*(h + 2)/(-2). Suppose o*q - 24 = -3*q. List the prime factors of q.
2
Let y(p) = 0*p + p**3 - 7 + 2*p + 6*p**2 + p. Let j be (4/6)/(16/(-120)). List the prime factors of y(j).
3
Suppose -4*f = -4*g - 19 - 53, -5*g = -10. What are the prime factors of f?
2, 5
Let c(g) = g + 10. Let w be c(-10). Suppose -7*r + 3*r + 128 = w. List the prime factors of r.
2
Let u(s) = -s**2 - 12*s - 12. List the prime factors of u(-5).
23
What are the prime factors of ((-5)/1)/(5/(-10))?
2, 5
Let o = 2 - 2. Suppose -2*g + 18 = -o*g. Let l = g - 5. List the prime factors of l.
2
Suppose -3*v = q - 467, 153 = v + 2*q - 3*q. List the prime factors of v.
5, 31
Suppose 0 = 3*v + 2*v. Let k(m) = 3*m**3 + m**2 - 2*m + 1. Let t be k(1). Suppose 4*g + o = 2*o + 36, v = t*o. List the prime factors of g.
3
Suppose 267 = 5*z - 2*z - 3*f, z - 5*f - 85 = 0. Suppose 3*j - 54 = r - 0, -5*j + z = -r. What are the prime factors of j?
2, 3
Let f(i) be the third derivative of i**5/12 + i**4/24 - i**3/6 + 2*i**2. What are the prime factors of f(1)?
5
Suppose -38 = -3*o - 8. Suppose -2*v + 0*v = -o. Suppose v*n - 14 = 6. List the prime factors of n.
2
Let n(o) = o + 24. Let i be n(-14). Let p(f) be the third derivative of f**6/120 - 11*f**5/60 + f**4/2 - f**3/6 - 2*f**2. List the prime factors of p(i).
19
Suppose p - 5 = -4*t + 15, 40 = 2*p + 3*t. What are the prime factors of (2/(-5))/((-2)/p)?
2
Let a = -36 - -64. What are the prime factors of a?
2, 7
Let g(w) = -8*w - 3. Let o(l) = 15*l + 5. Let k(a) = 7*g(a) + 4*o(a). List the prime factors of k(4).
3, 5
Let f(o) = -2*o**3 - 8*o**2 - o - 3. Let z be f(-6). Let s be z/12 + (-2)/8. Let c = s - 3. What are the prime factors of c?
3
Let p(d) = -d + 1. Let t be p(-6). Let j = t + 4. What are the prime factors of j?
11
Suppose -8 = -5*x + 2. Let s be (-46)/(-10) + x/5. Suppose -s*b + 0 = -20. List the prime factors of b.
2
Suppose 0*h - 72 = -4*h. Suppose 2*f - h = -0*f. What are the prime factors of f?
3
Let y(j) = j**3 + j**2 - j - 4. Let d(o) = -3*o**3 - 4*o**2 + 2*o + 11. Let l(a) = -6*d(a) - 17*y(a). Suppose -6*g - 18 = -3*g. List the prime factors of l(g).
2
Let z be (0 + 4)*(-12)/(-3). Suppose 0 = 3*a + 2*g - 13, -3*a - g = -2*g - z. List the prime factors of a.
5
Suppose 0 = -2*k + 2, k - 2*k = 3*v - 1. Let p(t) = t**2 + 22. What are the prime factors of p(v)?
2, 11
Let a = -104 - -189. List the prime factors of a.
5, 17
Let n(s) = -s**3 - 9*s**2 - 9*s + 11. Let q be (-62)/8 - (-1)/(-4). List the prime factors of n(q).
19
What are the prime factors of 4/(-3) + 4/(-6) - -110?
2, 3
Suppose -306 = 12*o - 14*o. List the prime factors of o.
3, 17
Suppose 2*p + 444 = 5*p. What are the prime factors of p?
2, 37
Suppose -5*p + 180 + 70 = 0. List the prime factors of p.
2, 5
Let v = 5 + -2. Suppose 156 = -v*d + 27. Let s = -30 - d. List the prime factors of s.
13
Suppose 0 = -5*l + 10*l - 200. List the prime factors of l.
2, 5
Let o(i) = -i**3 - 7*i**2 + 7*i - 8. Let y be o(-8). Suppose -24 = -3*x - y*x. List the prime factors of x.
2
Let g be (4/8)/((-1)/(-6)). Suppose -g*h + 12 = -21. What are the prime factors of h?
11
Let d(u) = u**2 + 8*u - 30. List the prime factors of d(12).
2, 3, 5, 7
Suppose 6*l = l + 4*o + 74, o = l - 14. Suppose 4*a - 2 = l. List the prime factors of a.
5
Suppose -h - 12 = -3*v, h = 2*v - 3*v + 4. Suppose -2*y - 8*p + 28 = -3*p, 3*p - 6 = h. List the prime factors of y.
3
Suppose 6 = m - 11. Suppose 0 = 2*z - 21 - m. Let b = z - 4. What are the prime factors of b?
3, 5
Suppose -4*i + 6 + 70 = 0. What are the prime factors of i?
19
Suppose 0 = 6*z - 7*z + 84. List the prime factors of z.
2, 3, 7
Let u(g) = 9*g - 5. List the prime factors of u(2).
13
Let p = 0 - 0. Suppose -1 + 4 = o. Suppose p = 2*r - 2*c - 18, o*r + c = 3*c + 26. What are the prime factors of r?
2
Let d be 2 + 4/((-12)/(-9)). Suppose 81 = 3*a + 4*z, -a - d*z = 2*a - 84. List the prime factors of a.
23
Suppose -w + 4*k + 6 = w, -3 = -w - 2*k. Suppose 4*l = -8, -4*t - w + 75 = -4*l. List the prime factors of t.
2
Let h(g) = 3*g - 3. List the prime factors of h(8).
3, 7
Suppose -6 + 32 = 2*d. Let m = d + -8. List the prime factors of m.
5
Let i(p) = p**3 + 7*p**2 + 2*p. Suppose -2*m - 15 = m - 3*s, s = -3*m - 19. What are the prime factors of i(m)?
2, 3
Let j(z) = -4*z**2 - 1. Let q be j(1). Let h = q + 9. What are the prime factors of h?
2
Let r = -3 - -11. Let c = r + -5. List the prime factors of c.
3
Let k = -21 + 70. List the prime factors of k.
7
Let o be (9 + (-4 - -6))*-2. Let x = 44 + o. List the prime factors of x.
2, 11
Let y(v) = 12*v - 7. What are the prime factors of y(4)?
41
Suppose -4*f = -5*f + 24. What are the prime factors of f?
2, 3
Let w(s) = -4*s + 2*s - 1 + 4 + 9*s**2 - 1. Let t be w(2). Suppose 23 + t = 5*c + 2*q, 2 = 2*q. List the prime factors of c.
11
Let y be (-40)/(-2) + 1 + -1. Let t = 25 + y. Suppose -4*x - 5 + t = 0. List the prime factors of x.
2, 5
Let s(o) be the first derivative of 0*o**2 + 1/3*o**3 - 2 + 2*o. List the prime factors of s(4).
2, 3
Let l(x) = 0*x - 4*x - 3*x - 5. Let w(z) = 15*z + 11. Let v(s) = -13*l(s) - 6*w(s). List the prime factors of v(10).
3
Let s(z) = -z**3 + 7*z**2 + 16*z - 10. List the prime factors of s(8).
2, 3
Let b = -2 - -25. Let n = -12 + b. List the prime factors of n.
11
Let c(h) = -h**2 - 1. Let k be c(-2). Let v = k + 13. List the prime factors of v.
2
Let v be (-2)/7 + (-108)/14. Let p(g) = -g - g + g - g + 0. What are the prime factors of p(v)?
2
Suppose -9*r + 407 + 457 = 0. List the prime factors of r.
2, 3
Let p(y) = 2*y**2 - 2*y. Suppose -2 = -2*q + 6. List the prime factors of p(q).
2, 3
Suppose 0 = -3*v + 734 - 125. List the prime factors of v.
7, 29
Suppose 2*m = 15 - 5. Suppose 4*s - m*t - 22 = 0, -2*s = 6*t - 3*t. List the prime factors of s.
3
Suppose 3*m + 29 - 2 = 0. Let g = m - -17. Let s = g - -6. What are the prime factors of s?
2, 7
Let z(b) = -b**3 + 3*b**2 + 6*b - 6. Let o be z(4). Suppose -o*m + 30 = -7*m. What are the prime factors of 70/6 - m/(-9)?
11
What are the prime factors of 184 - (-3)/(5/(-5))?
181
Let s = 32 - -50. What are the prime factors of s?
2, 41
Let q be (8 + 0)/(-4) - 53. Let t = q - -100. List the prime factors of t.
3, 5
Let l be ((-129)/(-9))/(2/(-6)). Let k = -14 - l. What are the prime factors of k?
29
Suppose -8*w + w + 224 = 0. List the prime factors of w.
2
Let s(p) = -9*p**2 - p + 1. Let a be s(1). What are the prime factors of (-3)/a + (-200)/(-12)?
17
Let g(t) = t**3 + 5*t**2 - 8*t + 4. Let m be g(-6). Suppose 5*p - r = 36, 2*r - 7*r = 3*p - m. Suppose 5*y - 8 = p. List the prime factors of y.
3
Let y